y) = 5*y**3 - 8*y**2 - 6*y + 5. Let f(j) = j**3 - j**2 - j + 1. Let m(n) = o*t(n) + 6*f(n). Is m(6) a composite number?
True
Let j be (-1103622)/91 - 4/14. Let d be (j/6)/(-4)*3. Suppose -3*f + 6 = 0, -d = 3*h + 4*f - 10179. Is h composite?
True
Is (-2)/(8/(-10) - (-936528)/1170760) prime?
True
Let i(k) be the second derivative of -k**4/12 - 2*k**3/3 - k**2 + 10*k. Let w be i(-2). Suppose -g + 2*m + 859 = -3*m, w*m = 5*g - 4341. Is g composite?
True
Let q = 5283 - 2003. Let b = q + -1774. Let f = b - 1028. Is f composite?
True
Let t(k) = k**2 + 222*k + 105817. Is t(0) a prime number?
True
Suppose j - 130485 = -86*v + 82*v, j + v = 130491. Is j prime?
False
Suppose -64*b + 31*b + 31*b + 93116 = 0. Is b a prime number?
False
Let r be 28 - (-16)/(3 + 5). Suppose 4*b - 60720 = 4*k, b - 15174 = -31*k + r*k. Is b composite?
True
Let n(j) = -10*j**3 - 6*j**2 + 8*j - 6. Let u be n(-5). Let h = 199 + u. Is h prime?
False
Suppose 42*t = 43*t. Suppose t = 4*w - 16, 5*i + 6*w = 2*w + 4331. Is i a prime number?
True
Suppose 4*t - 582746 = -2*a + 207976, -4*t = -a - 790725. Is t a prime number?
False
Let k = 583 - -1483. Let a = -160 + -235. Let b = k - a. Is b a composite number?
True
Let p = 179824 - 58785. Is p a composite number?
False
Let p(n) = 179 - 6 + 83 + 25 + 72 + 342*n. Is p(27) prime?
True
Suppose 3*l - 144229 = 283004. Is l prime?
False
Suppose 0 = -4*d - x + 6*x + 136, 0 = -d + 4*x + 23. Let t(u) = -33 - 13*u + 25*u + d*u + 0*u**3 + 32*u**2 + u**3. Is t(-29) composite?
True
Suppose 52*s = 47*s + 360. Let q = -70 + s. Suppose -7*b + 2*b - q*f = -4533, 3*b - 2718 = -3*f. Is b a prime number?
True
Let t(q) = -6*q - 194. Let f be t(-32). Is 229725/50 + (-1)/f composite?
True
Let f be 236/(-30) - (-30)/(-225). Let i(c) = -c**2 - 14*c - 43. Let u be i(f). Suppose 2*g - s = 2557, 3281 = u*g + 5*s - 3119. Is g a composite number?
False
Let n be (4/(-8))/((-1)/(12/3)). Suppose 12 = f + v, 0 = -2*f + n*v + 26 + 10. Suppose -f*o + 737 = -14*o. Is o composite?
True
Let w(t) = 4290*t**2 + 175*t + 1362. Is w(-7) a composite number?
False
Let j(o) = 2*o**3 + 37*o + 360523. Is j(0) prime?
False
Let m(x) = 274*x**2 - 5*x + 1. Suppose -b - 5 = 0, -5*b + 13 = q - 36. Let n = q - 72. Is m(n) prime?
True
Let g(j) = 3370*j**2 + 87*j + 55. Is g(16) a prime number?
True
Let o(x) = 392*x**2 - 4*x + 171. Is o(16) a composite number?
False
Let x(n) = -14*n**3 - 54*n**2 - 23*n + 159. Is x(-26) a composite number?
False
Let t be 26/(-10) + (-6)/(-10). Let o be 7*t/3*3. Let n = 223 - o. Is n a composite number?
True
Let t(m) = 34*m**2 - 6*m + 518. Is t(12) a composite number?
True
Let w(y) = 111*y + 1. Suppose -2*m + 0*u = 5*u - 24, u = -2*m + 8. Is w(m) prime?
True
Suppose -26570 = -5*p + 155745. Is p composite?
True
Suppose -v = -u - 36, 3*v - 137 = -v - 3*u. Let n = v - 33. Suppose -x - 3947 = -n*x - 4*c, 15771 = 4*x - c. Is x a prime number?
True
Let a = -646978 + 2286765. Is a prime?
False
Suppose 8*m - 3227224 = 2111808. Is m a composite number?
False
Let d be (-1)/(-2 + 3)*-3. Suppose 2*g + 4759 = -3*c + 21588, 0 = d*g - 3. Suppose -1011 = -4*t + c. Is t composite?
True
Suppose 0 = 19*d - 19. Is 1527 - (-4 + d - 1) a composite number?
False
Let d(p) = 6*p + 87. Let i be d(-15). Is (1 + 2730)/((-6)/198*i) prime?
False
Suppose -39967 - 10417 = 16*n. Let j = 2973 - n. Is j a prime number?
False
Let w(c) = -7 + 11 - 21*c + 30*c + 50*c. Let m be w(2). Suppose m = h - 72. Is h composite?
True
Let g(y) = y + 16. Let j(k) = -2*k + 2. Let m be j(-5). Let r be g(m). Suppose -946 = 26*o - r*o. Is o composite?
True
Is ((16/20)/(-2))/(156/(-136937190)) a prime number?
True
Suppose -31089 - 36637 = -3*v - 2*g, 0 = v + 4*g - 22572. Let y = v - 9135. Is y prime?
True
Is -6 - -68*(-7)/112*(-9428)/1 a prime number?
True
Let d be (2 - (-12)/(-10))*(-390)/(-52). Suppose d*x = 9*x + 5*l - 3438, 0 = -4*x - 2*l + 4598. Is x a prime number?
True
Let j(u) be the first derivative of 4/3*u**3 + 8*u + 2 + 11/2*u**2. Is j(-7) prime?
True
Let h(d) = 388*d - 3215. Is h(54) prime?
True
Let m be 22358/(-2)*(-3 - -5)/2. Let v = 15884 + m. Is v a composite number?
True
Suppose 5*z = 2*v + v + 10, -2*z + 4*v = -4. Let m(y) = -z*y**2 - 2 - 4*y - 2*y**2 + 8*y**2 - 21*y**3. Is m(-3) prime?
True
Let c(v) = 6721*v**2 + 39*v + 183. Is c(-5) prime?
True
Let o = 4458 - 3077. Suppose o = 2*c - 1033. Suppose 0 = g - s - 0*s - 1204, g - 4*s = c. Is g prime?
False
Suppose 5*v - 274673 - 521388 = 3*i, -5*i - 796045 = -5*v. Is v prime?
False
Suppose -3*t = 4*f + 13, 0 = 6*t - t + 3*f + 7. Suppose 5*y - 2*y - 3 = -4*x, -y = 2*x - t. Suppose -2*c = v - 105, 4*v - 3*c + 2*c - 384 = x. Is v composite?
False
Let x(t) = 19*t**2 - 81*t + 3351. Let r(m) = -12*m**2 + 53*m - 2234. Let l(g) = -8*r(g) - 5*x(g). Is l(0) a prime number?
True
Let o = -118 + 423. Suppose 0 = 4*t - 5*h - 717, 3*t - o - 234 = 4*h. Suppose -2*v + t + 69 = 0. Is v prime?
False
Suppose -18905 = -3*h + t, -16*h + 3*t = -14*h - 12594. Suppose 0 = 2*g + 2293 - h. Is g composite?
True
Suppose 219*l - 194*l - 814926 - 930599 = 0. Is l a composite number?
False
Let w = -313574 - -460689. Is w a prime number?
False
Suppose -5587*s = -5544*s - 3881309. Is s prime?
True
Let s(c) = -c**3 + 5*c**2 + 22*c - 8. Let p be s(-10). Let a = -262 + p. Suppose 0 = -r - 2*t + 1555, -2*r + t = -a - 2110. Is r prime?
True
Let x be (8/(-3) + 2)/((-2)/148281). Let o = -29850 + x. Is o composite?
False
Let i be -4 - 86*(12 - 2)/(-5). Suppose 3*y - 1767 = -i. Is y prime?
False
Let y = -52 - -62. Let t(b) = -b + 8. Let f be t(y). Let r(u) = -52*u**3 - u**2 + 3*u + 3. Is r(f) composite?
False
Suppose -5*h + 5 + 10 = 0. Suppose y = -h*v - 2*y + 180, v = -3*y + 58. Let d = 142 + v. Is d prime?
False
Let v(l) = 512*l - 63. Let c = 130 - 115. Is v(c) a prime number?
False
Let l = -1660693 + 2846914. Is l composite?
True
Suppose -114*t - 213*t - 380*t + 120876497 = 0. Is t a prime number?
True
Let i(q) = -1253 + 1270 + 1733*q + 6463*q. Is i(1) prime?
False
Let w = -19003 - -34636. Suppose 3*r - 40074 + w = 0. Is r a prime number?
True
Suppose 0 = -6*q + 10*q - 4. Is (20 - -99)/(2 - q) prime?
False
Let j(d) = 287937*d - 1517. Is j(2) a composite number?
True
Let p be ((-1)/3)/(1/(3/(-1))). Let h be (-8)/4 - (p*-4 + 0). Suppose -5*i = -z - 1472, -h*z - 870 = -3*i + 3*z. Is i a prime number?
False
Let c = -416 - -106. Is 239444/c*2*(-5)/4 a prime number?
True
Let v = -280 + 284. Suppose 0 = 2*t + 3*s - 1740 - 2114, 0 = v*t + s - 7708. Is t composite?
True
Suppose 4*y - 8 = 3*y. Let i = 2 + y. Suppose -4*v - 752 = -3*g + 1145, -i = -5*v. Is g a prime number?
False
Suppose -23*z + 24*z = 65716. Suppose 4*x - 4*y + z = 8*x, y = 0. Is x a prime number?
False
Let i(x) = x**3 + 5*x**2 - 5*x + 8. Let g be i(-6). Let r(t) = -1767*t + 3. Let o be r(-4). Is (-5)/g*o*10/(-75) prime?
True
Let c be 63/21*(-1367)/(-1). Suppose -4*j + 8232 = 4*p, -9*j + 7*j + p + c = 0. Is j a composite number?
False
Suppose -11*i + 583 = 143. Suppose -i*n = -36*n - 6388. Is n a composite number?
False
Let r(m) = 117*m**2 + 61*m + 691. Is r(-108) prime?
False
Let k = 275 + -445. Suppose 4*x - 43 = -4*l + l, 5*l - x - 87 = 0. Let u = l - k. Is u prime?
False
Let f be (-1)/3 + 126/54. Suppose -m = 5*a - f*a - 15, 0 = m - 5*a + 1. Suppose -s = -34 - m. Is s composite?
False
Suppose 244011 = -8*j + 13*j + 4*p, -2*j - 5*p + 97601 = 0. Is j prime?
False
Suppose -4*r + 34 = -3*i, 4*r = -3*i + 35 - 13. Let k(q) = -2*q + 19. Let j be k(r). Suppose -5*l + 4*n = 550 - 6391, 0 = j*n - 5. Is l a prime number?
False
Let f(s) = -3392*s - 339. Is f(-4) composite?
False
Is (4 - -147678) + (7 - 0/(-2)) prime?
True
Suppose 3*w - 56 = 5*w. Is (17815/w - 3)/((-2)/8) a composite number?
False
Suppose 0 = 2*b + 4*l - 2960, 44*b = 48*b + l - 5927. Suppose -340 + b = 2*f. Is f a prime number?
True
Suppose 18*k + 16 = 14*k. Let i be k/(((-16)/778)/4). Suppose -2*o + i = 182. Is o a composite number?
True
Let w = 2436 + 5123. Suppose -4*a = -2*b - 10092, 0 = -3*a + b - 2*b + w. Is a a composite number?
False
Let d(x) = -x**3 + 7*x**2 - 7*x + 12. Let j be d(6). Suppose j - 125 = -q + 4*z, -z + 2 = 0. Is q composite?
False
Suppose -31 + 12 = w + 5*g, 0 = -2*w - 2*g - 22. Let m(k) = -1565*k + 196. Is m(w) a composite number?
False
Let d(u) = 7